alse
Is 4145003 a multiple of 17?
False
Is 49998108 a multiple of 4?
True
Is 5433927 a multiple of 139?
True
Is 9517620 a multiple of 420?
True
Is 12 a factor of 130830847?
False
Is 35161398 a multiple of 6?
True
Is 3415 a factor of 133273679?
False
Does 15 divide 3487248?
False
Does 224 divide 163660918?
False
Is 88595079 a multiple of 39?
False
Does 47 divide 162695876?
False
Does 14 divide 786079434?
True
Is 20 a factor of 3025649500?
True
Is 30 a factor of 13663002?
False
Is 282193 a multiple of 31?
True
Is 163313370 a multiple of 110?
True
Is 177317562 a multiple of 3252?
False
Does 186 divide 53062080?
True
Is 2570603091 a multiple of 7?
True
Is 22625319 a multiple of 1153?
True
Is 1398136640 a multiple of 3718?
False
Is 267 a factor of 80248879?
False
Does 1977 divide 817652136?
False
Is 245556015 a multiple of 238?
False
Is 494120970 a multiple of 35?
True
Is 810687811 a multiple of 79?
False
Is 13 a factor of 781043187?
False
Does 15 divide 167215607?
False
Is 3263155 a multiple of 13?
False
Does 4093 divide 7519815134?
True
Is 4 a factor of 15791030?
False
Is 305682007 a multiple of 77?
False
Does 2556 divide 2521329?
False
Is 46935040 a multiple of 5?
True
Is 26 a factor of 1639935?
False
Does 1320 divide 74343720?
True
Does 3302 divide 182422292?
True
Is 110 a factor of 243855192?
False
Is 10264474 a multiple of 16?
False
Does 207 divide 29253240?
True
Does 15 divide 130207569?
False
Is 5440502235 a multiple of 21?
True
Does 82 divide 6760818?
True
Is 24832863 a multiple of 209?
False
Is 30865849 a multiple of 225?
False
Does 26 divide 53340751?
False
Is 14 a factor of 166742071?
False
Is 89 a factor of 49175615?
True
Is 6335 a factor of 3048197516?
False
Does 32 divide 308775759?
False
Is 1561903306 a multiple of 4768?
False
Does 7 divide 6323069?
False
Is 4881 a factor of 343641574?
False
Is 13 a factor of 550070803?
False
Is 5784 a factor of 552805117?
False
Is 860 a factor of 2518080?
True
Is 270169252 a multiple of 734?
True
Does 2028 divide 1055113644?
True
Is 1140676039 a multiple of 26?
False
Is 694693125 a multiple of 625?
True
Does 412 divide 4705143673?
False
Does 68 divide 4087861487?
False
Does 322 divide 51284940?
True
Is 2865 a factor of 197180154?
False
Is 23755446 a multiple of 9?
True
Does 27 divide 162609012?
True
Is 455 a factor of 488282536?
False
Is 41030535 a multiple of 1149?
False
Is 53212044 a multiple of 53?
False
Is 4 a factor of 457034868?
True
Does 7 divide 17856000?
False
Is 587556720 a multiple of 15?
True
Is 848748965 a multiple of 429?
False
Does 1691 divide 600049659?
True
Is 5 a factor of 1446735?
True
Is 1129 a factor of 39948536?
True
Is 578569728 a multiple of 768?
True
Is 9 a factor of 177617943?
True
Does 7 divide 186280831?
False
Is 12 a factor of 1086243806?
False
Is 573 a factor of 6352278?
True
Is 8 a factor of 106805104?
True
Is 9 a factor of 250520742?
True
Is 454 a factor of 37997076?
True
Is 53 a factor of 31201683?
True
Does 9 divide 25245791?
False
Is 22 a factor of 835582431?
False
Does 16 divide 7375872?
True
Is 61081944 a multiple of 12?
True
Does 238 divide 226296826?
True
Is 718 a factor of 10048860?
False
Is 27 a factor of 137208178?
False
Does 25 divide 392792550?
True
Is 44354607 a multiple of 26?
False
Is 1278866050 a multiple of 770?
True
Is 469 a factor of 22286411?
True
Is 149 a factor of 1449037?
False
Is 63292731 a multiple of 137?
False
Is 448209518 a multiple of 233?
True
Is 39608264 a multiple of 4?
True
Does 109 divide 35885961?
True
Does 37 divide 123777842?
False
Does 60 divide 14184671?
False
Does 1160 divide 1387828712?
False
Does 129 divide 2923508283?
False
Is 2580360 a multiple of 20?
True
Is 29783138 a multiple of 41?
True
Is 180318121 a multiple of 57?
False
Is 41904857 a multiple of 35?
False
Is 125355830 even?
True
Is 11259066 a multiple of 273?
True
Is 14 a factor of 92331130?
False
Does 3388 divide 38102910?
False
Does 9 divide 179160481?
False
Does 6 divide 252442698?
True
Is 524 a factor of 44995880?
True
Does 134 divide 42519674?
True
Is 3991069 a multiple of 12?
False
Is 11388960 a multiple of 8?
True
Is 945730 a multiple of 256?
False
Is 16 a factor of 102956436?
False
Is 34 a factor of 4828953366?
False
Is 175614343 a multiple of 853?
False
Is 772 a factor of 238286292?
True
Is 38 a factor of 15675223?
False
Is 85101285 a multiple of 15?
True
Is 562649252 a multiple of 1298?
True
Is 62 a factor of 46376?
True
Does 151 divide 49303312?
True
Does 56 divide 9309745?
False
Is 24 a factor of 890783232?
True
Does 2 divide 35153190?
True
Is 187 a factor of 1808103?
True
Is 135 a factor of 956555?
False
Does 85 divide 12995441?
False
Is 36 a factor of 222608984?
False
Does 15 divide 167571?
False
Is 271883650 a multiple of 1130?
True
Is 93 a factor of 745208628?
True
Does 7293 divide 2921590386?
True
Does 169 divide 85595454?
False
Is 3 a factor of 79380684?
True
Is 68367080 a multiple of 5?
True
Does 22 divide 9204646?
True
Is 280 a factor of 3580345?
False
Is 18169309 a multiple of 776?
False
Is 15 a factor of 225740199?
False
Does 32 divide 139505218?
False
Is 46200645 a multiple of 26?
False
Is 16 a factor of 341847965?
False
Does 400 divide 2276763896?
False
Is 998 a factor of 476108833?
False
Is 3805 a factor of 151473697?
False
Does 4640 divide 882644000?
True
Does 18 divide 1992063186?
True
Is 382 a factor of 13259220?
True
Does 63 divide 17558667?
True
Does 1381 divide 234100215?
True
Is 37 a factor of 303127285?
False
Is 314796 a multiple of 56?
False
Does 17 divide 71711610?
True
Does 10 divide 76102930?
True
Is 55765939 a multiple of 15?
False
Is 655833200 a multiple of 88?
True
Is 21 a factor of 145085916?
False
Is 21 a factor of 7665714?
True
Is 599682006 a multiple of 253?
False
Is 27 a factor of 682354272?
False
Does 11 divide 369732717?
False
Is 6092567 even?
False
Is 54 a factor of 314585922?
False
Is 13185743 even?
False
Is 30 a factor of 6939030?
True
Is 234 a factor of 784576728?
True
Does 348 divide 24158210?
False
Is 1462 a factor of 24908094?
True
Is 268542468 a multiple of 12?
True
Is 415697656 a multiple of 424?
True
Is 37 a factor of 1978928735?
False
Does 2158 divide 1014260?
True
Is 754 a factor of 1037188001?
False
Does 486 divide 47074446?
True
Is 16775181 a multiple of 219?
True
Is 129798208 a multiple of 64?
True
Is 633 a factor of 2405067?
False
Is 1147 a factor of 725234336?
True
Is 4887251922 a multiple of 46?
True
Is 586 a factor of 13695754?
False
Does 45 divide 42996538?
False
Is 1890 a factor of 23603620?
False
Does 1286 divide 106113004?
True
Is 321120564 a multiple of 16?
False
Does 119 divide 119001190?
True
Does 32 divide 654071904?
True
Is 63939431 a multiple of 662?
False
Is 13 a factor of 461358859?
True
Is 2214 a factor of 1374648246?
True
Does 1112 divide 2121046592?
True
Is 383 a factor of 53513909?
True
Is 631976100 a multiple of 95?
True
Is 134 a factor of 13544184?
True
Is 166194470 a multiple of 10?
True
Is 47132997 a multiple of 1973?
True
Does 12 divide 2261472492?
True
Is 1993850593 a multiple of 119?
True
Is 355 a factor of 2082155230?
True
Does 65 divide 483225091?
False
Is 2632 a factor of 36182104?
True
Is 9 a factor of 17246431?
False
Does 11 divide 21370282?
False
Is 11 a factor of 295060788?
True
Is 61578834 a multiple of 69?
False
Is 12966512 a multiple of 221?
True
Is 107268678 a multiple of 12?
False
Is 14 a factor of 40348595?
False
Does 1951 divide 55917730?
False
Does 3817 divide 762846535?
True
Is 18 a factor of 24155252?
False
Is 1783113112 a multiple of 4766?
True
Is 903372 a multiple of 83?
True
Does 2148 divide 732004032?
True
Is 2375960960 a multiple of 160?
True
Is 15599900 a multiple of 2570?
True
Is 2117232055 a multiple of 106?
False
Is 2149 a factor of 27791287?
False
Is 2348936862 a multiple of 474?
True
Does 7 divide 494092476?
False
Is 198124108 a multiple of 2557?
False
Does 4621 divide 898867354?
False
Is 21 a factor of 83013084?
True
Does 17 divide 416812613?
True
Does 1657 divide 97874019?
True
Does 94 divide 30406180?
True
Does 4 divide 1017806940?
True
Does 5 divide 366965005?
True
Does 7 divide 542329333?
True
Does 130 divide 5473430690?
True
Is 79 a factor of 28780834?
False
Is 787 a factor of 14896993?
False
Does 665 divide 20340355?
True
Does 839 divide 17